inder when n(h) is divided by t(-22)?
19
Suppose 0 = -11*w + 3781 + 16041. What is the remainder when w/34 + (-2 + 7 - 2) is divided by 15?
11
Let v(x) = 12*x**3 - x + 1. Let u be 3 - (-1 - (3 + -3)). Suppose 0 = u*q + 16, -2*b + 3*q + 74 = q. What is the remainder when b is divided by v(1)?
9
Let h = -330 - -340. Let b(c) = c**2 + c + 4. Calculate the remainder when h is divided by b(0).
2
Let s = 38 + -37. Calculate the remainder when (-8)/(-16)*(-3 + 117*s) is divided by 29.
28
Let z be (-4)/(-2) + 7 + -4. Suppose -4*p + 353 = -z*y, 2*y - 172 = -2*p - 0*p. What is the remainder when p is divided by 22?
21
What is the remainder when (345/92)/((-6)/(-280)) is divided by 44?
43
Let x = 144 - 146. What is the remainder when 46 is divided by (5/x)/(30/(-180))?
1
Let h = 21 - 7. Let x be -2 - (-116)/(-1)*-1. Suppose 2*n - g + 164 = 5*n, 2*n = -3*g + x. Calculate the remainder when n is divided by h.
12
What is the remainder when 66 is divided by -4 - (-13 - -4) - -4?
3
Let s(q) = q**3 - 7*q**2 + 16*q + 4. What is the remainder when 49 is divided by s(5)?
15
Let w = -950 - -1011. What is the remainder when 68 is divided by w?
7
Let u(a) be the second derivative of a**5/20 - a**4/2 + 5*a**2/2 + 5*a. What is the remainder when 13 is divided by u(6)?
3
Let x = -234 - -236. Let c be (-7)/(1/(-1) + 0). Suppose x*y - c*y + 145 = 0. What is the remainder when 56 is divided by y?
27
Let t = 539 + -387. What is the remainder when t is divided by 44?
20
Suppose 0 = 32*s - 34*s + 8. Suppose 0 = l - f, -l - s*f = 2*l - 35. Calculate the remainder when l is divided by 4.
1
Let u = 36 + 384. What is the remainder when u is divided by 47?
44
Suppose 0 = -3*f + 32 + 28. Calculate the remainder when 19/(-2)*(-1 - -7 - 12) is divided by f.
17
Suppose -3*y + 2*i - 4*i = -20, 0 = -y - 2*i + 12. Suppose -64 = -2*q - 2*q. Calculate the remainder when q is divided by y.
0
Let o(r) = 98*r + 20. Calculate the remainder when o(3) is divided by 79.
77
What is the remainder when 1 - 478/(-6) - (-240)/180 is divided by 29?
24
Suppose -5*h = 3*z - 52, -2*h = 5*z - 5 - 69. What is the remainder when 26 is divided by z?
12
What is the remainder when 45 is divided by (276/18)/((-6)/(-9))?
22
Let n(r) = r**2 + 8*r + 5. Let o(d) = -d**2 + d + 11. Let i be o(-4). Calculate the remainder when 41 is divided by n(i).
13
Let y = 98 - 90. Suppose 2*m + 23 = 3*m. What is the remainder when m is divided by y?
7
Let n = 1747 - 1603. What is the remainder when n is divided by 12?
0
Let u(f) = -f**3 + f**2 - 5*f + 334. What is the remainder when u(0) is divided by 48?
46
Let c be 2 - 1 - -3 - 2. Let n be (-3)/c - 5028/(-24). Suppose -3*a - 67 = -n. What is the remainder when a is divided by 16?
15
Suppose 21*j + 15*j = 936. Calculate the remainder when 52 is divided by j.
0
Suppose 0 = n - 2 - 2, 5*g - 4178 = 3*n. Calculate the remainder when g is divided by 29.
26
Let k = -1083 - -1110. What is the remainder when 182 is divided by k?
20
Let m = 2022 - 1981. What is the remainder when 189 is divided by m?
25
Suppose -29089 + 7501 = -21*s. What is the remainder when s is divided by 86?
82
Suppose -2*o + 367 = 5*j, 3*j + 4*o = -0*o + 209. Calculate the remainder when j is divided by (2 - -28)*(168/(-36))/(-7).
15
Suppose k - 5*s - 151 = 91, 0 = 2*s + 8. Let d = -153 + k. Calculate the remainder when d is divided by (216/126)/((-4)/(-42)).
15
Suppose 19*q - 143 - 1510 = 0. Calculate the remainder when 518 is divided by q.
83
Let p(g) be the first derivative of 13*g**2/2 + 16. What is the remainder when p(6) is divided by 22?
12
Let k be ((-10)/(-3))/((-4)/150). Let m = -89 - k. Suppose -329*i + 208 = -313*i. What is the remainder when m is divided by i?
10
Let m be -5*(-2 - 18/(-10)). Calculate the remainder when 82 is divided by (-1)/2*(2 + -37 + m).
14
Suppose m = 3*m. Suppose 0 = -2*r - m*r + 3*i + 154, -r - i = -72. Let k(p) = -p**3 + 17*p**2 - 51*p + 6. Calculate the remainder when r is divided by k(13).
17
Suppose -c + 2*l + 65 = -l, -5*c + 283 = -l. Calculate the remainder when 223 is divided by c.
55
Suppose 7*y - 6*y = 5*w + 35, w + 15 = y. What is the remainder when 206 is divided by y?
6
Suppose 5*z - 4*y = -54, 2*y - 8 = 3*z + 24. Calculate the remainder when 23 is divided by (-24)/z*(-65)/(-26).
5
Suppose -2*k + 154 = 3*f, k + 25 = 6*k. Calculate the remainder when f is divided by (176/20 + -9)*-65.
9
Let v(s) = 4*s**2 - s + 290. What is the remainder when v(0) is divided by 73?
71
Let c be (2/(-6)*7)/(5/(-15)). Suppose 4 = 9*v - c*v. What is the remainder when 2 is divided by v?
0
Let r(a) = a**2 - 20*a - 74. What is the remainder when 123 is divided by r(24)?
13
Suppose -36*d = 6 - 474. What is the remainder when 336 is divided by d?
11
Suppose 0 = -5*p - 2*c + 43, 0 = 5*p + 4*c - 16 - 25. Calculate the remainder when 132 is divided by p.
6
Suppose 3*k - 2*u + 0 = 26, -20 = -4*u. Calculate the remainder when 260 is divided by k.
8
Let l = 40 - 32. What is the remainder when 14 is divided by l?
6
Suppose -64*y + 95 = -59*y. What is the remainder when 73 is divided by y?
16
Let v = -716 + 741. Calculate the remainder when 63 is divided by v.
13
Suppose 4*w + w - 2*t = 432, 2*w = -3*t + 188. Suppose -y - 5*m = -8, 3*m = -2 - 1. Calculate the remainder when w is divided by y.
10
Suppose k + 4*j - 11 = 31, 0 = -5*k - 5*j + 135. What is the remainder when 395 is divided by k?
21
Let n = 21 - -32. Suppose 2*y + 36 = 3*f, 4*y + 0*y - 12 = 0. What is the remainder when n is divided by f?
11
Let x be 6 + -3 - (1 - 4). Let w be (-3 + 2 - -12)*x. Suppose 2*a + 22 - w = 4*d, -4*a + d = -53. Calculate the remainder when a is divided by 7.
5
Calculate the remainder when ((-58)/(-4))/((-76)/(-304)) is divided by 55.
3
Let j(l) = l + 13. Let n be j(-4). Suppose -14*x = -n*x - 20. What is the remainder when 6 is divided by x?
2
Let x(g) = -76*g + 13. What is the remainder when x(-2) is divided by 43?
36
Let v(u) = -u**3 - 5*u**2 - u. Let l be v(-5). Suppose 0 = -10*d + l*d + 25. What is the remainder when 17 is divided by d?
2
Let k = -15 + 1. Suppose 2*o - 59 - 61 = 0. What is the remainder when o is divided by (0 + -2)/(k/147)?
18
Suppose -49 - 111 = -2*m - 2*i, 2*m + 4*i - 166 = 0. What is the remainder when m is divided by 9?
5
Suppose 5*o - 32 = -y - 2*y, 4*y = 3*o + 4. Suppose 41 = y*u + 3*s, 2*s + 4 = -2*s. Suppose -3*x = -x - 38. What is the remainder when x is divided by u?
8
Suppose 46 = 3*m - 5*c, 12*m - 7*m + 4*c = 15. Calculate the remainder when 221 is divided by m.
4
Suppose 34 = 4*n - 14. Calculate the remainder when (-1320)/72*(-27)/15 is divided by n.
9
Let l(u) = u**3 - 6*u**2 - 8*u + 14. Let f be l(7). Suppose -f*r - 148 = -9*r. Calculate the remainder when r is divided by 15.
14
Suppose w = 2*t - 32, -t + 3*w = -0 - 6. Suppose 0*p = -p + t. Suppose 4*u - p = 2. Calculate the remainder when 18 is divided by u.
3
Suppose -144 - 12 = -3*s. Suppose -4*u = -2*u - s. Suppose 3*j - x = 20, 0*x + 5*x - u = -3*j. What is the remainder when 19 is divided by j?
5
Suppose -2*q + 12 = 4*y, 0 = -y - 5*q + 3. Suppose -y*s = -0*s - 63. Calculate the remainder when s is divided by 24/(-32)*176/(-12).
10
Let k = -72 - -121. What is the remainder when k/(-28)*(0 - 4) is divided by (-9)/(-3) - 2 - -3?
3
Suppose 0 = -2*t + 5*v + 29, 8*v - 11*v = 4*t - 19. Calculate the remainder when 68 is divided by t.
5
Let v be (-4)/(-2)*15/(-10). Let r be 3 - 4/2 - v. Suppose 2*l + 31 = r*h - h, 4*h - l = 43. What is the remainder when h is divided by 4?
3
Let p be 1 + -2 + 1/1. Suppose p = 2*j - 33 - 17. Let q(l) = l**3 + 29*l**2 + 53*l - 20. What is the remainder when j is divided by q(-27)?
4
Suppose -5*d + 16 = 141. Let s = d - -13. Let p(h) = h + 29. Calculate the remainder when 49 is divided by p(s).
15
Suppose 0 = -19*q + 161 + 124. Calculate the remainder when 149 is divided by q.
14
Let a(z) = 5*z + 8. Let v(m) = -m**3 - 9*m**2 - 10*m - 7. Let u be v(-8). What is the remainder when a(u) is divided by 28?
25
Suppose 3*f = 83 + 34. Calculate the remainder when f is divided by 26.
13
Let u be 1/(2/(-12)*-3). Let t(v) = v**2 + 5*v - 3. What is the remainder when 64 is divided by t(u)?
9
Let n(p) = p**3 - 13*p**2 - 24*p + 2. Let g be ((-2)/(-3))/(20/450). Calculate the remainder when n(g) is divided by